- 11. What is the greatest common factor of 80 and y?
16
Suppose -5*v + 95 = -105. Calculate the highest common divisor of v and 60.
20
Suppose -55 = -4*q + 1. Suppose r = 5 + q. Calculate the highest common divisor of 19 and r.
19
Let f(t) = -t**2 + 6*t - 2. Let u be f(4). Suppose -u*n = -n - 155. Suppose -2*i - n + 165 = 4*d, -3*d = -6. What is the highest common factor of i and 7?
7
Let y(u) = -5*u - 1. Let z be y(-6). Suppose 4*b - z = 131. What is the highest common factor of b and 10?
10
Let y(t) = -5 + 2*t**3 + 4*t + 4*t**2 + t + 3*t - 3*t**3. Let r be y(5). Let m = 103 + -53. Calculate the greatest common divisor of r and m.
10
Suppose 2*m = l + 20, -2*l - l - 59 = -5*m. Suppose n = 4*v + 126, 0 = 4*v - 3*n + 191 - 61. Let t = l - v. What is the greatest common factor of t and 52?
13
Let x be 160/(-50)*(-10)/2. What is the greatest common divisor of x and 176?
16
Suppose -21*b = -25*b + 36. Let c be -6*((-54)/4)/1. What is the highest common factor of c and b?
9
Let t be (-18)/(-4)*(-4)/(-6). Suppose h = 1 + 19. Let y be t/9 + h/3. Calculate the highest common divisor of 35 and y.
7
Let r = -44 + 145. Suppose -3*n = -r - 154. Calculate the highest common factor of 17 and n.
17
Let n = 25 + -13. Calculate the greatest common divisor of 108 and n.
12
Suppose 0 = -2*n + 4. Let q be (1 + -11)/((-1)/n). Calculate the highest common factor of 2 and q.
2
Let q be (-2)/(-7) - 746/14. Let r = q + 113. Calculate the greatest common divisor of 15 and r.
15
Suppose -t + 6*t + 55 = 0. Let b = t - -38. Suppose u = -1 + b. Calculate the highest common factor of 65 and u.
13
Let s be (-133)/(-6) - 3/18. Let b be 10*s/(-4)*-1. Let o(c) = -11*c**3 - c - 1. Let k be o(-1). What is the greatest common divisor of b and k?
11
Suppose -4*r + 143 + 137 = 0. Calculate the highest common divisor of 14 and r.
14
Suppose -50 = -3*h + h. Suppose -1 = -l - 5*f + 24, 36 = 4*l + 4*f. Calculate the greatest common factor of l and h.
5
Suppose 4*b = 9*b. Suppose a + a - 4 = b. Let j be (24/20)/(2/10). Calculate the greatest common divisor of a and j.
2
Let m(u) = u**2 - u - 3. Let q be m(-3). Suppose 100*h - 103*h = -18. Calculate the highest common factor of h and q.
3
Let j(z) = 175*z - 14. Let n be j(2). What is the highest common divisor of n and 42?
42
Suppose -134 = -2*h + 70. What is the highest common divisor of h and 34?
34
Let g(a) = a**3 + 2*a**2 - a - 2. Let y be g(-3). Let p be y/(-20) - (-16)/10. Calculate the greatest common divisor of 1 and p.
1
Suppose -4*d + 3 - 9 = 2*a, 0 = -4*a - d - 5. Let f(b) = -2*b. Let v be f(a). Let z be (-1 - 7)/((-1)/v). Calculate the greatest common divisor of z and 32.
16
Suppose -547 = -4*o - 99. Suppose d - o = -d. What is the highest common factor of 7 and d?
7
Suppose -5*a + 658 = -2*c - 143, 4*a = -2*c + 648. What is the highest common divisor of 23 and a?
23
Let x be 58/4*60/3. Suppose 0 = -2*z + p + x, -6*z + 3*z = 3*p - 426. Calculate the greatest common factor of z and 16.
16
Suppose 5*f + 0*p - 817 = p, 0 = -5*f - 5*p + 805. Let z = 275 - f. Calculate the greatest common divisor of 16 and z.
16
Suppose 4*u + 26 = 2*o, 4*u + 7*o + 44 = 3*o. Let z = u + 24. Calculate the greatest common factor of 48 and z.
16
Let d be 4/6 - (-56)/6. Suppose 2*p + 2*p - 450 = -5*c, 2*p = 3*c + 214. Calculate the greatest common divisor of d and p.
10
Let x = -16 + 48. What is the greatest common factor of x and 4?
4
Let o be (-6 + -8)*(-2 + 0). Let b(x) = x + 14. Let c be b(-6). Let p be (2 + 6/(-4))*c. What is the highest common divisor of o and p?
4
Suppose -t - k + 14 = -3*k, 5*t = 4*k + 46. Suppose 5*a - t = 4. Calculate the greatest common divisor of 18 and a.
2
Suppose 2*b = t + 51, b - 5*t = -7 + 19. Suppose -b = 2*o - 303. Let s = o + -75. Calculate the greatest common factor of 7 and s.
7
Suppose 2*u = -8, 0 = t - 5*t + 2*u + 44. What is the highest common factor of t and 18?
9
Suppose 8*u = 13*u - 75. Calculate the highest common factor of u and 165.
15
Suppose -12*u - 16 = -16*u. Suppose 5*v = u*f - 445, 2*f + 0*f - 215 = v. Calculate the greatest common factor of f and 15.
15
Let m be 72 + (1 - (2 + 1)). Suppose -5*g = 15 - m. Calculate the highest common factor of g and 44.
11
Let a = -9 - -14. Suppose -2*d + a*d = 27. Suppose -q = 2*m - 77, -6*m + 2*m + 2*q = -134. What is the highest common divisor of d and m?
9
Let u(x) = x**2 - 2*x - 2. Let f be u(-2). Calculate the greatest common factor of f and 2.
2
Suppose 2*w = -2*w + 4. What is the highest common factor of w and 7?
1
Let y(l) = 6*l. Let d be y(1). Suppose g = -g + d. Suppose -2*q - q = 0, 24 = g*k + 5*q. What is the greatest common divisor of k and 8?
8
Let t be (1 + -3 + 0)*-10. Let p be (2/(-3))/(4/(-18)). Suppose 5*r + j = 105, 5*r - p*r - 4*j - 20 = 0. What is the highest common divisor of r and t?
20
Let p be 2/(2 - (-12)/(-9)). Suppose -3*n + p = -0*n. Calculate the highest common factor of n and 8.
1
Let c = 0 - -3. Suppose 2*j - c*j = -4. What is the greatest common factor of j and 4?
4
Let j be (2/4)/((-5)/(-50)). Suppose 2*u + 5*v - 470 + 27 = 0, -3*u = -j*v - 727. Calculate the highest common divisor of u and 26.
26
Let u be 105/(-10)*(1 + -3). Suppose -3*v + 3*n + u = 0, v - 19 = 6*n - n. Let x be 62/v - (-4)/(-8). Calculate the greatest common factor of 30 and x.
15
Suppose -l + 239 = 2*j, 3*l + 0*j = 3*j + 681. Calculate the greatest common divisor of 21 and l.
21
Let o = -19 - -79. Suppose -3*x - 5*u + 223 = o, 5*x - 276 = -4*u. What is the greatest common divisor of x and 7?
7
Let y(b) = -b**3 + b**2 + 3*b - 3. Let f be y(-3). Suppose 0*o - f = -o. What is the greatest common factor of 8 and o?
8
Let x = -54 + 134. Calculate the highest common divisor of 120 and x.
40
Suppose -n + 0*n + 21 = 0. Let c be 4*(n/(-6) + 3). Let b be c*((-44 - -2) + 2). Calculate the highest common divisor of 10 and b.
10
Let s = 0 + 20. Let b = s + -1. Calculate the highest common factor of b and 133.
19
Let q be 2*(1 - 3) + -16. Let b = 32 + q. Calculate the greatest common factor of 84 and b.
12
Suppose 2*o - 18 = 3*s, 5*o - 3*s - 37 = 26. Calculate the greatest common factor of 135 and o.
15
Let j(o) = 43*o**2 + 1. Let f be j(1). Let w(s) = -3*s**3 + 2*s**2 - 1. Let d be w(-1). What is the greatest common factor of f and d?
4
Let i be ((-200)/(-15))/(3/9). Let t(v) = v - 4. Let k be t(2). Let q be 6/(-3*1/k). What is the greatest common factor of i and q?
4
Let m(i) = i**3 - 4*i**2 - 7*i + 3. Let u be m(6). What is the greatest common divisor of u and 11?
11
Let s be (-2)/6 - (-32)/6. What is the highest common factor of s and 5?
5
Let b(f) = f**2 - f - 9. Let j be b(-8). Calculate the highest common divisor of 9 and j.
9
Suppose 4*i - 53 = -5. Suppose -3*u = 4*h - 16, 4*h - 3*u = h + i. Calculate the greatest common divisor of h and 4.
4
Let g be (6/(-2)*-1)/1. Suppose -l + 6 = -0*l + f, 2*l - 13 = -g*f. Suppose -2*q + q = -15. What is the greatest common factor of l and q?
5
Let o = -4 - -14. Let k = 100 - o. What is the highest common divisor of k and 18?
18
Let f be (-2)/(-8) + (-55)/(-20). Let r be 9 - (3 + -6)/f. Let b be 23 - (2*2)/(-2). What is the highest common divisor of b and r?
5
Let b = -142 + 82. Let d be b/50*(-5)/2. Calculate the greatest common divisor of 2 and d.
1
Let v = 83 + -71. What is the greatest common factor of 72 and v?
12
Suppose 4*s = -4*q + 112, -40 = 3*q + 2*s - 124. Calculate the highest common factor of q and 42.
14
Let i = 22 - -6. Calculate the greatest common divisor of 28 and i.
28
Suppose -m + 2 = 0, -3*c + 4*m - m = -48. Calculate the greatest common divisor of c and 162.
18
Suppose -2*r = -7*w + 3*w + 108, -3*w = -r - 82. What is the greatest common divisor of 4 and w?
4
Let d(j) = 3*j**2 + 5*j - 11. Let z be d(7). What is the highest common divisor of z and 19?
19
Let u = -4 + 6. Suppose 6*w = u*w - 16, -a = -5*w - 185. Calculate the highest common divisor of 15 and a.
15
Suppose 1 = -3*h + 2*u, u = h + 5*u - 9. Calculate the highest common divisor of h and 4.
1
Let x be (-1)/3*-19*3. Calculate the greatest common divisor of 133 and x.
19
Let n be 1/2*2 - -11. Calculate the greatest common divisor of 48 and n.
12
Let v be (-1 - -2 - 2)*12. Let s(h) = -h - 12. Let i be s(v). Suppose p + 3*p - 40 = i. What is the grea